- (2 + -1 + -2).
4
What is the value of -8 - ((-1 - (4 + -7 - -2)) + 1)?
-9
What is -3 - 3 - (-2 + (-6 - -10))?
-8
Evaluate 2 - -7 - (-131 + 139).
1
What is the value of 6 - (-4 + 5 + (0 - 6) + -3)?
14
2 + 7 + (5 - -2) + -22 + 22
16
Evaluate 0 - (16 - 48 - -11) - -6.
27
26 - (9 - 7 - -2 - -2)
20
Evaluate (20 - (13 + 6)) + -20 + 17.
-2
Evaluate 1469 - 1498 - (-4 + -1 + (1 - 1)).
-24
(25 - 43) + (30 - 5)
7
What is the value of 5 - (29 + -47) - 28?
-5
What is the value of (-6 + 1 - (-18 + (17 - 17))) + -7?
6
(-2 - -4) + (7 - (6 - 2 - -2))
3
What is the value of 0 + -22 + (-9 - (5 - -9 - 33))?
-12
Evaluate (6 - -3) + 167 + -192.
-16
What is the value of 5 + (-11 - -6) + -1 + -2?
-3
-44 + 58 + -4 + 2
12
Evaluate 772 + -760 - (1 + (0 - -1)).
10
(16 - 16 - 11) + -5 + -2
-18
Calculate -37 - (36 - 23 - 33).
-17
What is the value of 11 + (7 - (6 + 7)) - 28?
-23
-42 - (-19 + (-1 - (-5 + 3)))
-24
Calculate (101 + -93 - (1 - -26)) + -5.
-24
What is 7 + (6 - (0 + 8)) + 1 + 0?
6
What is -7 + 12 + -12 + 0?
-7
What is the value of 4 + 1 - (8 - (13 + -1 + 6))?
15
What is -2 + -22 + (3 + 3 - 3 - -4)?
-17
Evaluate -11 + -7 + (-1 - -3) + 1.
-15
What is ((-1 - 3) + 5 - 1) + -12 + 19?
7
Calculate 14 + -7 + 2 + -3 + (-3 - 3).
0
(59 + -10 - 40) + (1 - 23)
-13
Calculate -7 - -9 - (0 + 4) - -14.
12
9 + -6 + (-8 - -18) - 6
7
What is -1392 - -1380 - (1 - (-1 + 3))?
-11
What is (29 - (24 + -6)) + (2 - 3 - -5)?
15
Evaluate 0 - -6 - (1337 + -1335).
4
Evaluate 28 + (-25 - -13) + -1 + -1 + 3.
17
Calculate (0 - 25) + (22 - 23 - -24 - 16).
-18
Calculate (6 - 7 - 3) + -18 - -7.
-15
Evaluate 5 - 23 - (-23 - (1 + -9)).
-3
5 - (17 - 6) - 2 - -8
0
What is 2 + (1 - (-9 - -26))?
-14
8 - (0 + (1 - 5))
12
Calculate 1 + 10 - (1 + 1 + -4 + 1).
12
What is -8 + -4 - (9 - 33)?
12
-3 + (0 - -7) + 7
11
Evaluate -42 + 37 - (11 - 2).
-14
(1 - -8) + (8 - 3) + -25
-11
What is the value of 1 + (-4 + 12 - 0) + (4 - 3)?
10
Evaluate -2 + 17 - (11 + 4) - -7.
7
What is the value of 14 + -3 + -8 - (13 - 18)?
8
What is (5 + (0 - 13) - 17) + 6?
-19
Calculate 1 - (-6 - -2) - (6 + -24 - -8).
15
(3 - -1) + -4 + 12 + -23 - 3
-14
What is the value of -12 + 3 + (8 - 0)?
-1
(2 - -9) + (-25 + 3 - -16) - -12
17
Evaluate 4 + 6 + -6 - 18.
-14
Evaluate (10 - -3) + -44 + 30 + 6.
5
Evaluate -6 + (-3 - 8 - -24) + 10 + -1.
16
Evaluate -6 - (2 + (-4 - (-8 + -1))).
-13
Evaluate (-16 - (0 + 0 + -33)) + -19.
-2
What is the value of -5 - (15 - 25) - -9?
14
Calculate (-4 + 3 + 5 - (-8 - 5)) + -5.
12
11 + (-3 - 0) - (67 - 61)
2
-27 + 2 + (33 - (-23 - -46))
-15
3 + (-1 + 4 + -4 + 2 - -3)
7
Evaluate -21 - (30 + -36) - -14.
-1
What is the value of -16 + -14 + (57 - 23)?
4
((7 - 0) + -5 - 9) + (6 - 26)
-27
What is the value of (-15 - -18) + -12 + -15?
-24
What is the value of -8 + (23 - 9) + 0 + (-19 - -1)?
-12
Evaluate 25 - (68 + -7 + -17).
-19
Evaluate (-1650 - -1596) + 28 + 0.
-26
What is the value of -1 + 22 + 3 - (-1 - (-9 - -9))?
25
Calculate 12 + -8 + 2 + -7 + (4 - 3).
0
Calculate (-8 - -5 - -3) + -1.
-1
Evaluate 12 + (6 - (-1 + 4) - -12) + -8.
19
-5 + 11 + (13 - (26 + -11))
4
What is the value of 26 + -56 + 20 + 1 + 8?
-1
What is -11 - -2 - (-5 - -3)?
-7
What is the value of -18 - (10 + 3 + -19)?
-12
What is (-23 - 1) + (16 - -46) + -47?
-9
Calculate 73 + (-52 - -9) - (3 - 1 - -1).
27
What is the value of 9 - (28 - (-12 - -9))?
-22
Evaluate (-6 - (-28 - -3)) + 1 + (-2 - 4).
14
Calculate (1 - 4) + (6 - (12 - 19)).
10
What is 9 - (3 - 4 - (-3 + 8))?
15
Evaluate -9 - (-2 - 28 - -2).
19
Calculate -10 + (5 - (7 + -18)).
6
0 - -7 - (20 + -4)
-9
Evaluate 86 + -49 + 9 + -21.
25
Calculate 5 + 10 + -1 + -1 + (4 - 6).
11
(-1 - (5 - -6)) + -3 + 2
-13
-1 + 0 - -11 - (-3 - 2)
15
What is the value of 20 - 24 - -11 - 3?
4
29 + 11 + -28 + -18
-6
Calculate -3 - (-1 - -7 - 11) - (-23 - -46).
-21
What is the value of 28 + -14 + (4 - -1) + 2?
21
What is the value of -26 - (-4 + (-14 - -8))?
-16
Calculate (0 - 8) + (-22 - (12 + -30)).
-12
Calculate 28 + (-30 - (-37 + 9)).
26
Calculate -5 - -4 - (-4 + 7 - 2) - 4.
-6
Evaluate -7 + 7 - (-1 + -3) - 6.
-2
What is the value of -2 - (9 - (6 - -3 - (-11 + -10)))?
19
-693 - -683 - (3 + -1 + -9 - -1)
-4
What is (4 - (-3 - -8)) + (-2 - -5 - -4)?
6
Calculate 19 - (5 - -10) - 8.
-4
10 - (25 - -19 - 17)
-17
What is the value of -3 - (16 + -38) - 11?
8
What is the value of -96 + 98 - (-8 - (-2 - (0 - 2)))?
10
What is the value of -14 - -10 - ((0 - 17) + -1)?
14
Evaluate -3 + 0 - (1 - 14).
10
Evaluate 69 + -72 - (0 - -9).
-12
Calculate 16 + -3 + 8 + -11.
10
What is the value of (-9 - -10) + (-14 - (-1 - 3))?
-9
What is the value of (-1 - (-5 + -1 + 8)) + 0 + 6?
3
What is 34 + (3 - (11 + -18 + 18))?
26
Evaluate 14 - ((5 - 3) + 10).
2
Evaluate 14 + (0 - -2) - (-7 + 11).
12
Evaluate (-8 + 16 - -6) + -15 - 7.
-8
Calculate 20 - (-1 - (-15 + -1)).
5
What is -7 - 2 - ((0 - 13) + -2)?
6
What is the value of -733 - -738 - (-10 - (0 - 1))?
14
-30 + (19 - -14) + 4 + 0
7
What is -14 - -5 - (-6 + 1)?
-4
What is 44 + (5 - 3) + -94 + 85 + -5?
32
What is the value of -8 + (12 - (3 - -22)) + 6?
-15
What is (3 + 6 - 23) + -10 + 4 + -1?
-21
-8 - (-22 - ((8 - 1) + -13 + 12))
20
Evaluate (53 - 48) + -4 + (-1 - (5 + -10)).
5
Evaluate 18 + -29 + (-4 - -4) + 28.
17
Evaluate -9 - ((10 - 7) + (-1 - 4)).
-7
Calculate 12 - (2 + (7 - 8)).
11
-7 - -1 - (6 + -30 - -24)
-6
-19 + 10 - -10 - -12
13
Calculate 2 + 16 - (20 + -11 + -6 - -4).
11
6 - (-3 - (0 + -13))
-4
-4 + 5 + -6 + (-3 - -3 - -5)
0
What is (-10 - (-16 - 8)) + (-2 - 0)?
12
Evaluate (41 - 29) + (-17 - -2) - (-2 - -20).
-21
Calculate -19 + 11 + 15 - -3.
10
Evaluate 12 - 1 - (19 + -10 - -7).
-5
What is the value of (190 - 177 - (0 + -2)) + -29?
-14
What is the value of (4 - 2) + -3 + 8 + -8 + 2?
1
What is the value of (-5 - (-15 - (1 + -3)) - 0) + 6?
14
What is the value of (6 - -1) + (9 - (-8 - 6)) + -50?
-20
What is (-13 + 26 + -14 - 11) + 36?
24
Calculate -29 + 17 + 5 - -8.
1
2 - (6 + -14 + -17 + 5 + 0)
22
-22 - 57 - -39 - -46
6
-9 - (33 + -28 + -11 + 1 + 12)
-16
(7 - (2 + 3)) + 25
27
What is 46 + -38 - (-3 - -6)?
5
What is the value of 9 - ((2 - -17) + -14)?
4
What is the value of 8 + -2 + -4 + 3 + -4?
1
Calculate 18 + 4 + 1 - 32.
-9
What is 10 + -7 - 17 - (-5 - -2 - 0)?
-11
Evaluate 12 + -24 + 13 - (1 - 10).
10
-5 - (16 + -9 + -4)
-8
5 + 4 + (-30 - (-3 - 0))
-18
Evaluate (6 - 12) + (-2 + -4 - (-1 + -3)).
-8
-145 + 139 + (-22 - (0 + 3)) + -3
-34
14 + -10 + (5 - (10 + 28))
-29
Calculate 0 + -1 - (1 - (0 - 6) - 1).
-7
-2 + 1 + -15 + 23 - 5
2
Calculate 23 - (20 - (3 + -22)).
-16
What is the value of -22 + -3 + 22 - 17?
-20
What is the value of -5 + (-7 - -6) + (0 - -17) + 0?
11
Calculate -23 + 22 - (-4 - (-3 - -3)).
3
What is the value of 32 + -29 + -1 + -5 + 10 - -3?
10
What is (0 - 9) + 2 + (-48 - -112 - 56)?
1
Calculate -1 + 3 + 68 + -69 + 7.
8
What is 11 + -33 + 15 + -5?
-12
What is the value of 46 - (-26 + (14 - -26))?
32
Calculate -3 + (-14 - -10) + 3 + 11.
7
0 + (0 - 1) + (-12 - -7 - -3)
-3
(-10 + (-8 - (8 - 20)) - 0) + 15
9
Evaluate (65 - 71) + 1 + (3 - 1).
-3
What is 1 - 11 - (-36 + -4) - 0?
30
What is the value of (-14 - -3 - (-12 - -3)) + 8?
6
What is (-1 - -4) + -10 - 5?
-12
Calculate 3 - (-2 + 13) - (-15 - -9) - -11.
9
What is the value of 0 + (25 - (17 - 14) - 16)?
6
Calculate (-6 - -5) + -6 + 8 + -11.
-10
(-2 - -9) + (-11 - -25) + -12
9
-6 + -1 + 3 + 1 + 2 - -13
12
22 + 5 + -16 - (8 - 3 - 22)
28
What is (3 - 16 - 19) + 16?
-16
Evaluate 17 - (3 + -6 - -10) - 5.
5
Evaluate 14 + 2 - (10 - (39 + -39)).
6
What is the value of -95 - -92 - (7 + (2 - 1))?
-11
Evaluate 5 + (5 - (7 - (10 + -11))).
2
(13 - -11 - 30) + 14
8
35 + (-4 - (12 + 4 + -7))
22
Calculate (7 + -18 + 20 - 26) + 28.
11
What is 4 + (2 - 15) + 33 + -25?
-1
Calculate (-8 - 2) + (-4 - -4 - -8 - 2).
-4
Evaluate (98 - 120) + (3 - -27).
8
Calculate -2 - 1 - (-9 - -25 - 12).
-7
Calculate 6 + -3 + 2 - (-24 - -36).
-7
17 - (47 + -8 + -30)
8
Evaluate 252 - 255 - (0 - -33).
-36
Calculate -22 + 17 + -30 - -7.
-28
Calculate 29 + -29 + 2 - 17.
-15
Calculate -6 - -5 - -1 - (26 + -46 - -25).
-5
What is the value of -3 + (15 - 14) + 28?
26
(-466 - -459) + (3 - (-2 - 0))
-2
1 + -2 + (-7 - 4 - -6)
-6
Calculate -16 - (-9 + 16 + -13).
-10
Evaluate 21 - (6 + -11 - (-11 - (4 + -2))).
13
What is the value of -20 - (1 + (10 - 3 - 2